{"id":5543,"date":"2022-10-11T08:45:47","date_gmt":"2022-10-11T13:45:47","guid":{"rendered":"https:\/\/humanas.org.co\/formacionconhumanas\/document\/analisis-regional-de-sentencias-judiciales_-consecuencias-en-los-derechos-de-las-mujeres-2011-articulacion-regional-feminista-por-los-derechos-humanos-y-la-justicia-de-genero\/"},"modified":"2022-10-11T12:07:41","modified_gmt":"2022-10-11T17:07:41","slug":"analisis-regional-de-sentencias-judiciales_-consecuencias-en-los-derechos-de-las-mujeres-2011-articulacion-regional-feminista-por-los-derechos-humanos-y-la-justicia-de-genero","status":"publish","type":"dlp_document","link":"https:\/\/humanas.org.co\/formacionconhumanas\/documento\/analisis-regional-de-sentencias-judiciales_-consecuencias-en-los-derechos-de-las-mujeres-2011-articulacion-regional-feminista-por-los-derechos-humanos-y-la-justicia-de-genero\/","title":{"rendered":"An\u00e1lisis regional de Sentencias Judiciales_ consecuencias en los Derechos de las Mujeres. 2011. Articulaci\u00f3n regional feminista por los Derechos Humanos  y la Justicia de G\u00e9nero"},"content":{"rendered":"","protected":false},"excerpt":{"rendered":"","protected":false},"author":1,"template":"","doc_categories":[117,120],"doc_tags":[160,151],"doc_author":[],"file_type":[113],"class_list":["post-5543","dlp_document","type-dlp_document","status-publish","hentry","doc_categories-conceptos-y-estudios","doc_categories-informes-de-organizaciones","doc_tags-derechos-de-las-mujeres","doc_tags-violencia-contra-personas-defensoras-de-derechos-humanos","file_type-pdf","pmpro-has-access"],"download_url":"https:\/\/humanas.org.co\/formacionconhumanas\/wp-content\/uploads\/2022\/10\/Analisis-regional-de-Sentencias-Judiciales_-consecuencias-en-los-Derechos-de-las-Mujeres.-2011.-Articulacion-regional-feminista-por-los-Derechos-Humanos-y-la-Justicia-de-Genero.pdf","file_size":"1 MB","filename":"Analisis-regional-de-Sentencias-Judiciales_-consecuencias-en-los-Derechos-de-las-Mujeres.-2011.-Articulacion-regional-feminista-por-los-Derechos-Humanos-y-la-Justicia-de-Genero.pdf","download_count":"","version_history":[],"_links":{"self":[{"href":"https:\/\/humanas.org.co\/formacionconhumanas\/wp-json\/wp\/v2\/dlp_document\/5543","targetHints":{"allow":["GET"]}}],"collection":[{"href":"https:\/\/humanas.org.co\/formacionconhumanas\/wp-json\/wp\/v2\/dlp_document"}],"about":[{"href":"https:\/\/humanas.org.co\/formacionconhumanas\/wp-json\/wp\/v2\/types\/dlp_document"}],"author":[{"embeddable":true,"href":"https:\/\/humanas.org.co\/formacionconhumanas\/wp-json\/wp\/v2\/users\/1"}],"version-history":[{"count":0,"href":"https:\/\/humanas.org.co\/formacionconhumanas\/wp-json\/wp\/v2\/dlp_document\/5543\/revisions"}],"wp:attachment":[{"href":"https:\/\/humanas.org.co\/formacionconhumanas\/wp-json\/wp\/v2\/media?parent=5543"}],"wp:term":[{"taxonomy":"doc_categories","embeddable":true,"href":"https:\/\/humanas.org.co\/formacionconhumanas\/wp-json\/wp\/v2\/doc_categories?post=5543"},{"taxonomy":"doc_tags","embeddable":true,"href":"https:\/\/humanas.org.co\/formacionconhumanas\/wp-json\/wp\/v2\/doc_tags?post=5543"},{"taxonomy":"doc_author","embeddable":true,"href":"https:\/\/humanas.org.co\/formacionconhumanas\/wp-json\/wp\/v2\/doc_author?post=5543"},{"taxonomy":"file_type","embeddable":true,"href":"https:\/\/humanas.org.co\/formacionconhumanas\/wp-json\/wp\/v2\/file_type?post=5543"}],"curies":[{"name":"wp","href":"https:\/\/api.w.org\/{rel}","templated":true}]}}

Análisis regional de Sentencias Judiciales_ consecuencias en los Derechos de las Mujeres. 2011. Articulación regional feminista por los Derechos Humanos  y la Justicia de Género
