{"id":5976,"date":"2022-12-06T08:09:36","date_gmt":"2022-12-06T13:09:36","guid":{"rendered":"https:\/\/humanas.org.co\/formacionconhumanas\/?page_id=5976"},"modified":"2023-01-15T17:10:31","modified_gmt":"2023-01-15T22:10:31","slug":"salvaguardar-la-resistencia-cuidando-a-quienes-cuidan","status":"publish","type":"page","link":"https:\/\/humanas.org.co\/formacionconhumanas\/salvaguardar-la-resistencia-cuidando-a-quienes-cuidan\/","title":{"rendered":"Salvaguardar la resistencia cuidando a quienes cuidan"},"content":{"rendered":"\t\t<div data-elementor-type=\"wp-page\" data-elementor-id=\"5976\" class=\"elementor elementor-5976\" data-elementor-post-type=\"page\">\n\t\t\t\t\t\t<section class=\"elementor-section elementor-top-section elementor-element elementor-element-00c633c elementor-section-boxed elementor-section-height-default elementor-section-height-default\" data-id=\"00c633c\" data-element_type=\"section\" data-e-type=\"section\">\n\t\t\t\t\t\t<div class=\"elementor-container elementor-column-gap-default\">\n\t\t\t\t\t<div class=\"elementor-column elementor-col-100 elementor-top-column elementor-element elementor-element-b55f846\" data-id=\"b55f846\" data-element_type=\"column\" data-e-type=\"column\">\n\t\t\t<div class=\"elementor-widget-wrap elementor-element-populated\">\n\t\t\t\t\t\t<div class=\"elementor-element elementor-element-8e93eb8 animated-slow elementor-invisible elementor-widget elementor-widget-image\" data-id=\"8e93eb8\" data-element_type=\"widget\" data-e-type=\"widget\" data-settings=\"{&quot;_animation&quot;:&quot;fadeInDown&quot;}\" data-widget_type=\"image.default\">\n\t\t\t\t<div class=\"elementor-widget-container\">\n\t\t\t\t\t\t\t\t\t\t\t\t\t\t\t<img fetchpriority=\"high\" decoding=\"async\" width=\"1024\" height=\"713\" src=\"https:\/\/humanas.org.co\/formacionconhumanas\/wp-content\/uploads\/2022\/12\/IMG_0856-1536x1070-1-1024x713.jpg\" class=\"attachment-large size-large wp-image-5978\" alt=\"\" srcset=\"https:\/\/humanas.org.co\/formacionconhumanas\/wp-content\/uploads\/2022\/12\/IMG_0856-1536x1070-1-1024x713.jpg 1024w, https:\/\/humanas.org.co\/formacionconhumanas\/wp-content\/uploads\/2022\/12\/IMG_0856-1536x1070-1-300x209.jpg 300w, https:\/\/humanas.org.co\/formacionconhumanas\/wp-content\/uploads\/2022\/12\/IMG_0856-1536x1070-1-768x535.jpg 768w, https:\/\/humanas.org.co\/formacionconhumanas\/wp-content\/uploads\/2022\/12\/IMG_0856-1536x1070-1-600x418.jpg 600w, https:\/\/humanas.org.co\/formacionconhumanas\/wp-content\/uploads\/2022\/12\/IMG_0856-1536x1070-1.jpg 1536w\" sizes=\"(max-width: 1024px) 100vw, 1024px\" \/>\t\t\t\t\t\t\t\t\t\t\t\t\t\t\t<\/div>\n\t\t\t\t<\/div>\n\t\t\t\t<div class=\"elementor-element elementor-element-17438c0 elementor-invisible elementor-widget elementor-widget-image\" data-id=\"17438c0\" data-element_type=\"widget\" data-e-type=\"widget\" data-settings=\"{&quot;_animation&quot;:&quot;fadeInUp&quot;}\" data-widget_type=\"image.default\">\n\t\t\t\t<div class=\"elementor-widget-container\">\n\t\t\t\t\t\t\t\t\t\t\t\t\t\t\t<img decoding=\"async\" width=\"300\" height=\"173\" src=\"https:\/\/humanas.org.co\/formacionconhumanas\/wp-content\/uploads\/2022\/10\/Captura-de-pantalla-2021-03-02-134702-300x173-1.png\" class=\"attachment-large size-large wp-image-5475\" alt=\"\" srcset=\"https:\/\/humanas.org.co\/formacionconhumanas\/wp-content\/uploads\/2022\/10\/Captura-de-pantalla-2021-03-02-134702-300x173-1.png 300w, https:\/\/humanas.org.co\/formacionconhumanas\/wp-content\/uploads\/2022\/10\/Captura-de-pantalla-2021-03-02-134702-300x173-1-266x153.png 266w, https:\/\/humanas.org.co\/formacionconhumanas\/wp-content\/uploads\/2022\/10\/Captura-de-pantalla-2021-03-02-134702-300x173-1-299x172.png 299w\" sizes=\"(max-width: 300px) 100vw, 300px\" \/>\t\t\t\t\t\t\t\t\t\t\t\t\t\t\t<\/div>\n\t\t\t\t<\/div>\n\t\t\t\t\t<\/div>\n\t\t<\/div>\n\t\t\t\t\t<\/div>\n\t\t<\/section>\n\t\t\t\t<section class=\"elementor-section elementor-top-section elementor-element elementor-element-e44961c elementor-section-boxed elementor-section-height-default elementor-section-height-default\" data-id=\"e44961c\" data-element_type=\"section\" data-e-type=\"section\">\n\t\t\t\t\t\t<div class=\"elementor-container elementor-column-gap-default\">\n\t\t\t\t\t<div class=\"elementor-column elementor-col-100 elementor-top-column elementor-element elementor-element-b52fc9c\" data-id=\"b52fc9c\" data-element_type=\"column\" data-e-type=\"column\">\n\t\t\t<div class=\"elementor-widget-wrap elementor-element-populated\">\n\t\t\t\t\t\t<div class=\"elementor-element elementor-element-61f2347 elementor-widget elementor-widget-text-editor\" data-id=\"61f2347\" data-element_type=\"widget\" data-e-type=\"widget\" data-widget_type=\"text-editor.default\">\n\t\t\t\t<div class=\"elementor-widget-container\">\n\t\t\t\t\t\t\t\t\t<p style=\"text-align: center;\">Este es un espacio para mujeres defensoras de derechos humanos y sus organizaciones.<\/p>\n<p style=\"text-align: center;\">La Corporaci\u00f3n Humanas y la Corporaci\u00f3n Regi\u00f3n, con el apoyo de ProDefensoras (ONU Mujeres \u2013 Embajada Noruega \u2013 Defensor\u00eda del Pueblo) y el Ayuntamiento de Barcelona, lideramos este proyecto que tiene como prop\u00f3sito aportar a la construcci\u00f3n de entornos seguros para el desarrollo de la labor social y pol\u00edtica de defensoras de derechos humanos y sus organizaciones, en los departamentos de Antioquia y Choc\u00f3, como un aporte a la construcci\u00f3n de paz territorial.<\/p>\n<p style=\"text-align: center;\"><b>Buscamos implementar un modelo de seguridad integral con enfoque \u00e9tnico, territorial y de g\u00e9nero, que permita a las lideresas y sus organizaciones contar con herramientas de protecci\u00f3n y autocuidado para el ejercicio efectivo de los derechos humanos, en tres municipios de Choc\u00f3 (Quibd\u00f3, Istmina y Medio San Juan) y dos de Antioquia (San Carlos y Granada)<\/b>.<\/p>\n<p style=\"text-align: center;\">En esta plataforma encontrar\u00e1n informaci\u00f3n \u00fatil para la protecci\u00f3n y el autocuidado de defensoras de derechos humanos y el fortalecimiento de sus organizaciones.<\/p>\n\t\t\t\t\t\t\t\t<\/div>\n\t\t\t\t<\/div>\n\t\t\t\t\t<\/div>\n\t\t<\/div>\n\t\t\t\t\t<\/div>\n\t\t<\/section>\n\t\t\t\t<section class=\"elementor-section elementor-top-section elementor-element elementor-element-e395822 elementor-section-boxed elementor-section-height-default elementor-section-height-default\" data-id=\"e395822\" data-element_type=\"section\" data-e-type=\"section\">\n\t\t\t\t\t\t<div class=\"elementor-container elementor-column-gap-default\">\n\t\t\t\t\t<div class=\"elementor-column elementor-col-100 elementor-top-column elementor-element elementor-element-ac1e105\" data-id=\"ac1e105\" data-element_type=\"column\" data-e-type=\"column\">\n\t\t\t<div class=\"elementor-widget-wrap elementor-element-populated\">\n\t\t\t\t\t\t<div class=\"elementor-element elementor-element-32ad7d5 elementor-align-center elementor-widget elementor-widget-button\" data-id=\"32ad7d5\" data-element_type=\"widget\" data-e-type=\"widget\" data-widget_type=\"button.default\">\n\t\t\t\t<div class=\"elementor-widget-container\">\n\t\t\t\t\t\t\t\t\t<div class=\"elementor-button-wrapper icon_align_  \">\n\t\t\t\t\t<a class=\"elementor-button elementor-button-link elementor-size-md\" href=\"https:\/\/humanas.org.co\/formacionconhumanas\/salvaguardar-inicio\/\">\n\t\t\t\t\t\t<span class=\"elementor-button-content-wrapper\">\n\t\t\t\t\t\t\t\t\t<span class=\"elementor-button-text\">Haz clic aqu\u00ed<\/span>\n\t\t\t\t\t<\/span>\n\t\t\t\t\t<\/a>\n\t\t\t\t<\/div>\n\t\t\t\t\t\t\t\t<\/div>\n\t\t\t\t<\/div>\n\t\t\t\t<div class=\"elementor-element elementor-element-318470b elementor-widget elementor-widget-spacer\" data-id=\"318470b\" data-element_type=\"widget\" data-e-type=\"widget\" data-widget_type=\"spacer.default\">\n\t\t\t\t<div class=\"elementor-widget-container\">\n\t\t\t\t\t\t\t<div class=\"elementor-spacer\">\n\t\t\t<div class=\"elementor-spacer-inner\"><\/div>\n\t\t<\/div>\n\t\t\t\t\t\t<\/div>\n\t\t\t\t<\/div>\n\t\t\t\t\t<\/div>\n\t\t<\/div>\n\t\t\t\t\t<\/div>\n\t\t<\/section>\n\t\t\t\t<\/div>\n\t\t","protected":false},"excerpt":{"rendered":"<p>Este es un espacio para mujeres defensoras de derechos humanos y sus organizaciones. La Corporaci\u00f3n Humanas y la Corporaci\u00f3n Regi\u00f3n, con el apoyo de ProDefensoras (ONU Mujeres \u2013 Embajada Noruega \u2013 Defensor\u00eda del Pueblo) y el Ayuntamiento de Barcelona, lideramos este proyecto que tiene como prop\u00f3sito aportar a la construcci\u00f3n de entornos seguros para el [&hellip;]<\/p>\n","protected":false},"author":1,"featured_media":0,"parent":0,"menu_order":0,"comment_status":"closed","ping_status":"closed","template":"","meta":{"pmpro_default_level":"","footnotes":""},"class_list":["post-5976","page","type-page","status-publish","hentry","pmpro-has-access"],"_links":{"self":[{"href":"https:\/\/humanas.org.co\/formacionconhumanas\/wp-json\/wp\/v2\/pages\/5976","targetHints":{"allow":["GET"]}}],"collection":[{"href":"https:\/\/humanas.org.co\/formacionconhumanas\/wp-json\/wp\/v2\/pages"}],"about":[{"href":"https:\/\/humanas.org.co\/formacionconhumanas\/wp-json\/wp\/v2\/types\/page"}],"author":[{"embeddable":true,"href":"https:\/\/humanas.org.co\/formacionconhumanas\/wp-json\/wp\/v2\/users\/1"}],"replies":[{"embeddable":true,"href":"https:\/\/humanas.org.co\/formacionconhumanas\/wp-json\/wp\/v2\/comments?post=5976"}],"version-history":[{"count":22,"href":"https:\/\/humanas.org.co\/formacionconhumanas\/wp-json\/wp\/v2\/pages\/5976\/revisions"}],"predecessor-version":[{"id":6325,"href":"https:\/\/humanas.org.co\/formacionconhumanas\/wp-json\/wp\/v2\/pages\/5976\/revisions\/6325"}],"wp:attachment":[{"href":"https:\/\/humanas.org.co\/formacionconhumanas\/wp-json\/wp\/v2\/media?parent=5976"}],"curies":[{"name":"wp","href":"https:\/\/api.w.org\/{rel}","templated":true}]}}